(h) composite?
True
Let y(u) = -193*u + 45. Let z(m) = -m + 8. Let c be z(0). Let i be y(c). Let l = 2814 + i. Is l a prime number?
False
Let z = -236 - -208. Is (7/z)/((-1)/3148) a prime number?
True
Let i(x) = 44*x + 4. Let j be i(0). Suppose -125709 = -4*y - 3*v, -3*y + v + 94278 = j*v. Is y a prime number?
False
Suppose 41*x - 108*x = 35*x - 8108286. Is x a composite number?
False
Let n(m) = 9*m**3 + 3*m**2 + 7*m - 27. Let j be n(-8). Let p = -2350 - j. Is p composite?
True
Suppose 81*i - 19073484 = 16845723. Is i composite?
True
Let i = -387 - -381. Is 1282 + (30/i - -6) a composite number?
False
Let t = -4308 + 8183. Suppose 5*f = t - 720. Is f prime?
True
Suppose 6810*c - 804390 = 6804*c. Is c prime?
False
Suppose 612*g - 610*g + v - 2652257 = 0, 0 = -5*g - 2*v + 6630641. Is g a prime number?
False
Suppose -26 = 18*t - 5*t. Is t/(((-191440)/(-15956))/4 + -3) composite?
False
Let w = 3712 - 6744. Let l = 1705 - w. Is l prime?
False
Let c(n) = 4960*n**2 - 23*n - 39. Is c(-2) prime?
False
Suppose 169*y - 167*y = -5*c + 915327, y = -2*c + 457663. Is y composite?
False
Suppose -2*p = 2*u - 16, -5*p + 14 = -u - 2. Suppose u*x + 26 = -2*w + 7*x, 36 = -2*w - 2*x. Let i(l) = -l**3 - 12*l**2 + 25*l - 1. Is i(w) composite?
True
Let v(i) = -2356*i**3 + 2*i**2 - 62*i - 849. Is v(-10) a composite number?
False
Let m = -66057 + 210218. Is m a composite number?
False
Suppose 2503488 = 90*i - 17723382. Is i composite?
False
Let r(v) = -v**2 + v + 25. Let q be r(5). Suppose -182 = -q*u + 188. Suppose 0 = 2*h - 0*h - u. Is h prime?
True
Let i(g) be the third derivative of 7/60*g**5 + 0*g + 0 - 7/24*g**4 + 7/6*g**3 + 10*g**2. Is i(-6) a prime number?
False
Suppose 7*p = 504972 + 172082. Let w = -59391 + p. Is w a composite number?
True
Suppose -5*g = l + 6624, 4*l + g - 5473 = -31931. Let b = 11412 + l. Is b a prime number?
False
Suppose 3*g + 15 = -39. Let x be ((-243)/g)/(22/12 + -2). Let v = x - -124. Is v composite?
False
Let z = -72 - 262. Let i(h) = -168*h**2 - h + 2. Let w be i(-2). Let n = z - w. Is n composite?
True
Suppose -5*q + 12599 = -10041. Suppose 2*z + 2*z - 6009 = -3*i, -2*i - q = -3*z. Suppose 2*a - 5*a - z = -3*s, 0 = s - 5*a - 514. Is s prime?
True
Let v(w) = w + 1. Let f(t) = 1037*t + 116. Let k(j) = f(j) - 3*v(j). Is k(13) prime?
False
Suppose 87*n + 88*n - 170*n = -5. Suppose 1 = -b, -2*m + 4*b + b = -5. Is (-57 - -58)*(m + (n - -444)) a prime number?
True
Suppose 2224122 = 32*p - 724966. Is p prime?
False
Is (36/(-72))/((-4)/941104*2) prime?
False
Let m be (-40)/32 - 1739*(-2)/(-8). Let r = 4197 + m. Is r a composite number?
False
Let z(n) = 49*n**2 + 4*n - 13. Let y = 90 + -96. Is z(y) prime?
False
Suppose -24*h + 544423 = -995001 + 191848. Is h a composite number?
False
Suppose 2*u - b + 11084 = -3*b, -4*u - 22165 = 5*b. Is ((-35)/(-35))/(((-1)/u)/1) a composite number?
True
Suppose 0 = -9*z - 1141 + 1663. Let n be (-1 - -315) + (1 - 0). Let g = n + z. Is g a composite number?
False
Let z = -186232 - -373329. Is z prime?
False
Is (-22)/(12 + -23)*(-3 - -1780) a prime number?
False
Let j = -4106 - -6497. Is j a prime number?
False
Let y = 1113785 + -615576. Is y composite?
False
Let c(w) = 3570*w**2 - 84*w + 5. Is c(6) a composite number?
False
Suppose -311 = -3*i - 311. Suppose i = 5*b - 9561 + 271. Is b prime?
False
Let l(t) = 5319*t - 23. Let i(r) = -5320*r + 23. Let j(z) = -5*i(z) - 6*l(z). Is j(-2) prime?
True
Let n = -2598 + -4328. Let i = 2741 - n. Is i a prime number?
False
Let h(k) = 12255*k**2 + 56*k + 271. Is h(-6) composite?
True
Let c(v) = 5*v**3 + 8*v**2 - 5*v - 1. Let a = -26 - -30. Let f(r) = -4*r**3 - 8*r**2 + 4*r. Let j(w) = a*f(w) + 3*c(w). Is j(-10) prime?
False
Let r(c) = 25*c**3 + 3*c**2 + 3*c - 5. Let u be r(3). Let f = u + -333. Is f a prime number?
True
Suppose 0 = 8*x - 12*x + 32. Is 24/(-32) + 55534/x composite?
True
Let n(v) = 230722*v**2 + 2. Let p be n(1). Suppose -p = -16*c + 4*c. Suppose -3*l = -24240 - c. Is l composite?
False
Let x(u) = -u**3 + 28*u**2 - 25*u - 47. Let g be x(27). Suppose -1 = -4*r + g, 6 = 4*h + r. Is 1/((h/3)/(932/12)) prime?
True
Is (41204305/50 - -13) + ((-2)/(-20))/(-1) a prime number?
True
Suppose -5*i - o = -5*o + 1151, 5*o = i + 226. Let j = 1028 - i. Is j prime?
True
Suppose 155*g - 159*g + 15828 = 0. Let p = g + -2701. Let z = p - -11183. Is z a prime number?
False
Suppose -1029087 = -5*j + 2*h, -2*h - 154085 - 463368 = -3*j. Is j a composite number?
False
Let q be 0 - 0 - 22894/(-2). Let p(f) = 699*f + 20. Let h be p(8). Suppose 7*o = q + h. Is o prime?
True
Let b be ((-8)/(-12))/(2/5)*-5622. Let k = 14357 + b. Is k a composite number?
False
Let u(h) = -h**3 + 3*h**2 + 5*h + 39. Let w be u(13). Let v = w + 5983. Is v a composite number?
False
Suppose -13*z = -125 + 21. Suppose -z*l = 6*l - 63658. Is l a prime number?
True
Is (-46938775)/(-675) + 4/54 prime?
True
Let w(p) = 19*p**3 - 9*p**2 - 2*p + 10. Let c be w(6). Suppose 48*k + c = 50*k. Is k a composite number?
False
Suppose 20402642 = 77*o + 5629345. Is o a prime number?
True
Let l be (-3)/(-2)*(-25 + 4171). Suppose -16*s + l = -7*s. Is s composite?
False
Let i = 314 - 83. Suppose -1167 = -2*h - f, i = 5*h - f - 2704. Is h a composite number?
True
Let w = -2376 + 4686. Suppose 0 = 5*j + 2*n - w, -2*j + 5*n = -574 - 379. Suppose 2*q + 4*k - j = 22, -q = k - 247. Is q a composite number?
False
Suppose 24*d + 2*d - 1768 = 0. Let p(g) = g + 4. Let c be p(-3). Is -1*(-3 - d/c) a prime number?
True
Suppose 4*j - 5*h - 1659696 = 0, 10*h = -3*j + 2*h + 1244725. Is j a composite number?
True
Let l(m) = 1268*m + 31. Is l(9) composite?
False
Let y = 115 + -107. Suppose 0 = -y*z - z + 172062. Suppose -13*c = -39369 - z. Is c a prime number?
False
Suppose 0*r - r + 12 = 0. Suppose -3*a = -4*h + r, -h - 4*a - 9 = 7. Is (108 + 5)*1 - h/2 a composite number?
False
Let v = -4580 - -5095. Suppose 4*w = 3*z + 773, -2*w + z + 238 + 151 = 0. Suppose 4*t = v + w. Is t a prime number?
False
Let w(d) = -d**3 + 12*d**2 - d + 14. Let j be w(12). Is 669 - (-5 - (1 + -4 + j)) prime?
True
Let p(b) = 192*b + 79. Let k = 40 + -26. Is p(k) a composite number?
False
Let m(n) = -218*n**3 - 7*n**2 - 12*n + 15. Is m(-6) composite?
True
Let g be (-11 + 92/8)/((-1)/694). Is -1 + -1 - (-1 + -1) - g prime?
True
Suppose 177*z - 41*z = 54156152. Is z a composite number?
False
Suppose -2*v - 84 = 4*l, 6*v - 64 = 4*l + 3*v. Let w(f) = 27*f**2 + 51*f + 1. Is w(l) a composite number?
False
Suppose 3*w - 825 = -8*u + 5*u, -3*u + 5*w = -817. Suppose 163 = n - u. Is n composite?
True
Let x(u) = -18*u - 17. Let i be x(-4). Let m = -52 + i. Is m*(-11406)/(-162) - 4/18 a composite number?
False
Let k(p) = 434723*p - 3897. Is k(2) a prime number?
False
Let s(h) be the third derivative of 0*h + 1/60*h**6 - 29*h**2 - 1/60*h**5 - 1/12*h**4 + 1/3*h**3 + 0. Is s(2) prime?
False
Let k(d) = 380*d + 5. Let f be k(3). Suppose -p - 471 - 327 = 0. Let z = f + p. Is z a prime number?
True
Let a(d) = -18*d + 72236*d**2 - 72237*d**2 - 1 + 49*d. Is a(21) composite?
True
Let u be (-3)/12 - 5/(-20). Let n be -2 + u*4/(-20). Is n + (-40)/(-22) + (-8738)/(-22) a prime number?
True
Let i(q) = q**3 + 8*q**2 - 3*q. Let a be i(-8). Let g = -149 + a. Let w = 216 + g. Is w prime?
False
Let y(a) = a**3 - 7*a**2 - 124*a + 887. Is y(44) composite?
True
Is (17/85)/((5/50)/(226601/2)) a composite number?
False
Let p(n) = -n**2 + 18. Let z be p(4). Suppose 5*k + 3*x = 83, 5*k - z*x = 21 + 57. Suppose c = -k*c + 16609. Is c a prime number?
True
Suppose 1232204 = 15*d - 699505 + 187944. Is d prime?
False
Let r = -189 - -191. Suppose 2*d - 2054 = -2*c, 2564 - 506 = r*c + d. Is c composite?
False
Suppose n - r = 36665, 14752 = n - 3*r - 21901. Is n prime?
True
Let f = -30672 + 1431815. Is f a composite number?
True
Is 3/(51/1415131) - (12/(-3) - -2) prime?
False
Let a = 2 + 2. Let m(t) = 6*t**2 + 9*t + 3. Let j be m(-1). Suppose 3*r = -j*r + 2*f + 12895, 0 = 2*f + a. Is r a prime number?
True
Suppose 4*x + i - 42315 = 0, 2*i + 3 = -i. Is x a composite number?
True
Is 65180 + -4 - (-15 + 12) a prime number?
True
Suppose 188*g = 185*g + 333069. Is g prime?
False
Let j(n) = -4130*n - 829. Is j(-12) prime?
True
Suppose -p - 1 = -2*j + 4*p, -4*p + 4 = 0. Is j/((-19448)/98215 + 1/5) a prime number?
Tru